{"id":1733,"date":"2022-06-17T15:08:24","date_gmt":"2022-06-17T13:08:24","guid":{"rendered":"https:\/\/tf3-maschinen.de\/?post_type=product&#038;p=1733"},"modified":"2022-06-30T11:32:36","modified_gmt":"2022-06-30T09:32:36","slug":"reihenfrase-fur-traktor-gemuse","status":"publish","type":"product","link":"https:\/\/tf3-maschinen.de\/index.php\/produkt\/reihenfrase-fur-traktor-gemuse\/","title":{"rendered":"Reihenfr\u00e4se f\u00fcr Traktor Gem\u00fcse"},"content":{"rendered":"<ol>\n<li>GZ-T 180<\/li>\n<\/ol>\n<p>Die zapfwellengetriebene Maschine ist vor allem f\u00fcr das Lockern und Einebnen von Zwischenreihen im Erdbeeranbau konzipiert.<\/p>\n<p>Die verstellbare Arbeitsbreite jeder Sektion erm\u00f6glicht es,<\/p>\n<p>die Maschine an unterschiedliche Zwischenreihenkulturen anzupassen.<\/p>\n<p>Vollst\u00e4ndig geschlossene Arbeitsbereiche erm\u00f6glichen isoliertes Arbeiten,<\/p>\n<p>ohne die Pflanzen mit Erde zu bedecken.<\/p>\n<p>Durch Erh\u00f6hen oder Verringern der Wellendrehzahl k\u00f6nnen Sie<\/p>\n<p>die Intensit\u00e4t der Lockerung regulieren.<\/p>\n<p>Die maximale Arbeitstiefe unserer Maschine betr\u00e4gt 120 mm.<\/p>\n<p>Diese Reihenfr\u00e4se verf\u00fcgt serienm\u00e4\u00dfig \u00fcber eine dreireihige Option,<\/p>\n<p>aber die Breite der bearbeiteten Reihen kann an der Fr\u00e4se von 25 bis 65 cm eingestellt werden.<\/p>\n<p>Nach dem Entfernen eines Teils der Abdeckungen k\u00f6nnen zwei Reihen bearbeitet werden,<\/p>\n<p>und nach dem Entfernen aller Abdeckungen wird die Maschine zu einem Feldgrubber.<\/p>\n<p>&nbsp;<\/p>\n<p>Die Intensit\u00e4t der Lockerung kann durch die Drehzahl der Arbeitswelle reguliert werden. Der Aufrei\u00dfer ist pulverbeschichtet.<br \/>\nMerkmale der Altro Reihenfr\u00e4se<\/p>\n<p>&#8211; Korrosionsgesch\u00fctzte, robuste Konstruktion<\/p>\n<p>&#8211; Gesamtbreite 1,8 m<\/p>\n<p>&#8211; Vollst\u00e4ndig abgedichtete Getriebe- und Lagergeh\u00e4use<\/p>\n<p>&#8211; Markenlager<\/p>\n<p>&#8211; Gekerbte Stahlgetriebe<\/p>\n<p>&#8211; Stufenlos einstellbare Arbeitsbreite der einzelnen Sektionen<\/p>\n<p>&#8211; Pulverbeschichtung<\/p>\n<p>&#8211; Hohe Best\u00e4ndigkeit gegen \u00dcberlastungen<\/p>\n<p>&#8211; Zinkenbefestigung<\/p>\n<p>&#8211; Arbeitstiefe 120mm<\/p>\n<p>-Arbeitsbreite der Profile von 250 mm bis 500 mm<\/p>\n<p>-Leistungsbedarf von 40-70 PS<\/p>\n<p>Technische Daten:<br \/>\nArbeitsbreite 180 cm<br \/>\nInsgesamt 48 Fr\u00e4smesser<br \/>\n6 Messer pro Flansch<br \/>\n8 Flansch mit Abstand 225 mm<br \/>\nAntrieb 540 U\/min<br \/>\nFr\u00e4stiefe bis 12 cm<\/p>\n<p>Gewicht: ca. 350 kg<\/p>\n","protected":false},"excerpt":{"rendered":"<p>Erdbeeren Heckfr\u00e4se 180 cm<\/p>\n","protected":false},"featured_media":1738,"template":"","meta":{"site-sidebar-layout":"default","site-content-layout":"content-boxed-container","ast-global-header-display":"","ast-main-header-display":"","ast-hfb-above-header-display":"","ast-hfb-below-header-display":"","ast-hfb-mobile-header-display":"","site-post-title":"","ast-breadcrumbs-content":"","ast-featured-img":"","footer-sml-layout":"","theme-transparent-header-meta":"default","adv-header-id-meta":"","stick-header-meta":"","header-above-stick-meta":"","header-main-stick-meta":"","header-below-stick-meta":""},"product_cat":[74],"product_tag":[],"_links":{"self":[{"href":"https:\/\/tf3-maschinen.de\/index.php\/wp-json\/wp\/v2\/product\/1733"}],"collection":[{"href":"https:\/\/tf3-maschinen.de\/index.php\/wp-json\/wp\/v2\/product"}],"about":[{"href":"https:\/\/tf3-maschinen.de\/index.php\/wp-json\/wp\/v2\/types\/product"}],"wp:featuredmedia":[{"embeddable":true,"href":"https:\/\/tf3-maschinen.de\/index.php\/wp-json\/wp\/v2\/media\/1738"}],"wp:attachment":[{"href":"https:\/\/tf3-maschinen.de\/index.php\/wp-json\/wp\/v2\/media?parent=1733"}],"wp:term":[{"taxonomy":"product_cat","embeddable":true,"href":"https:\/\/tf3-maschinen.de\/index.php\/wp-json\/wp\/v2\/product_cat?post=1733"},{"taxonomy":"product_tag","embeddable":true,"href":"https:\/\/tf3-maschinen.de\/index.php\/wp-json\/wp\/v2\/product_tag?post=1733"}],"curies":[{"name":"wp","href":"https:\/\/api.w.org\/{rel}","templated":true}]}}