{"id":1630,"date":"2022-06-17T13:59:21","date_gmt":"2022-06-17T11:59:21","guid":{"rendered":"https:\/\/tf3-maschinen.de\/?post_type=product&#038;p=1630"},"modified":"2023-04-13T12:07:18","modified_gmt":"2023-04-13T10:07:18","slug":"kranarm-mit-hydraulischem-lasthaken","status":"publish","type":"product","link":"https:\/\/tf3-maschinen.de\/index.php\/produkt\/kranarm-mit-hydraulischem-lasthaken\/","title":{"rendered":"Kranarm mit hydraulischem Lasthaken"},"content":{"rendered":"<p><strong>Hersteller:<\/strong> Maks-Metal<br \/>\n<strong>Traglast:<\/strong> 3000 kg<br \/>\n<strong>L\u00e4nge Ausleger:<\/strong> 2 m (fest)<br \/>\ngeeignet zur: Euro, Bobcat, JCB, Manitou, Merlo usw. Nach bestellung Ihren Maschinenmodel angeben.<\/p>\n<p>Hacken mit Seil: 25 Meter<\/p>\n<p>Wir k\u00f6nnen hydraulische Sicherung montieren.<\/p>\n<p>Bei Schlauchbruch bremst die Winde<\/p>\n<p>und f\u00e4llt der getragte Material nicht runter.<\/p>\n<p>Solche Sicherung kostet 150 \u20ac Brutto zus\u00e4tzlich.<\/p>\n<p>Bitte geben Sie bei der Bestellung genaue Maschine an.<\/p>\n<p>&nbsp;<\/p>\n<p>Wir haben k\u00fcrze Realisationszeit.<\/p>\n<p>&nbsp;<\/p>\n<p>&nbsp;<\/p>\n<p>Lieferung mit unserem LKW<\/p>\n<p>Transportkosten von PLZ abh\u00e4ngig- min. 90 Euro zus\u00e4tzlich bezahlt<\/p>\n<p>&nbsp;<\/p>\n<p>&nbsp;<\/p>\n<p>Zahlungsart:<\/p>\n<p>\u00dcberweisung, Bar bei Erhalt<\/p>\n<p>&nbsp;<\/p>\n<p>Wir stellen Rechnung mit MwSt. aus.<\/p>\n<p>Nettoverkauf f\u00fcr Firmen auch m\u00f6glich<\/p>\n<p>&nbsp;<\/p>\n<p>Andere Aufnahme auf Anfrage<\/p>\n<p>&nbsp;<\/p>\n<p>Wenn Sie Fragen haben, rufen Sie mich bitte an<\/p>\n<p>Telefonnumer: 0048536310341<\/p>\n","protected":false},"excerpt":{"rendered":"<p>Kranarm 2 m ist das ideale Anbauger\u00e4t um die Reichweite Ihres Ladeger\u00e4t zu vergr\u00f6\u00dfern.<\/p>\n","protected":false},"featured_media":1640,"template":"","meta":{"site-sidebar-layout":"default","site-content-layout":"content-boxed-container","ast-global-header-display":"","ast-main-header-display":"","ast-hfb-above-header-display":"","ast-hfb-below-header-display":"","ast-hfb-mobile-header-display":"","site-post-title":"","ast-breadcrumbs-content":"","ast-featured-img":"","footer-sml-layout":"","theme-transparent-header-meta":"default","adv-header-id-meta":"","stick-header-meta":"","header-above-stick-meta":"","header-main-stick-meta":"","header-below-stick-meta":""},"product_cat":[41],"product_tag":[],"_links":{"self":[{"href":"https:\/\/tf3-maschinen.de\/index.php\/wp-json\/wp\/v2\/product\/1630"}],"collection":[{"href":"https:\/\/tf3-maschinen.de\/index.php\/wp-json\/wp\/v2\/product"}],"about":[{"href":"https:\/\/tf3-maschinen.de\/index.php\/wp-json\/wp\/v2\/types\/product"}],"wp:featuredmedia":[{"embeddable":true,"href":"https:\/\/tf3-maschinen.de\/index.php\/wp-json\/wp\/v2\/media\/1640"}],"wp:attachment":[{"href":"https:\/\/tf3-maschinen.de\/index.php\/wp-json\/wp\/v2\/media?parent=1630"}],"wp:term":[{"taxonomy":"product_cat","embeddable":true,"href":"https:\/\/tf3-maschinen.de\/index.php\/wp-json\/wp\/v2\/product_cat?post=1630"},{"taxonomy":"product_tag","embeddable":true,"href":"https:\/\/tf3-maschinen.de\/index.php\/wp-json\/wp\/v2\/product_tag?post=1630"}],"curies":[{"name":"wp","href":"https:\/\/api.w.org\/{rel}","templated":true}]}}