{"id":1533,"date":"2022-06-17T13:01:21","date_gmt":"2022-06-17T11:01:21","guid":{"rendered":"https:\/\/tf3-maschinen.de\/?post_type=product&#038;p=1533"},"modified":"2022-08-01T14:43:16","modified_gmt":"2022-08-01T12:43:16","slug":"heuraufe-rund-fur-pferde","status":"publish","type":"product","link":"https:\/\/tf3-maschinen.de\/index.php\/produkt\/heuraufe-rund-fur-pferde\/","title":{"rendered":"Heuraufe Rund f\u00fcr Pferde"},"content":{"rendered":"<p>Rund mit einem Au\u00dfendurchmesser von 230 cm<br \/>\n&#8211; Gebogene Klammern<br \/>\n&#8211; 12 F\u00fctterungsbuchten<br \/>\n&#8211; Einen ganzen Ballen in den Futtertrog legen<br \/>\n&#8211; H\u00f6he 120 cm<br \/>\n&#8211; H\u00f6he der Abdeckung 51 cm<br \/>\n&#8211; Gewicht 176 Kg<br \/>\nDer Futterplatz ist kreisf\u00f6rmig, wobei alle Gr\u00f6\u00dfen von Ballen in der Abdeckung untergebracht sind. Der Futterautomat ist oben und unten mit stabilen Rohrrahmen ausgestattet. Drei \u00d6ffnungsabschnitte, die oben und unten mit Schrauben zusammengef\u00fcgt werden.<\/p>\n<p>Die Bogenst\u00fctzen sind mit stabilen Rohrrahmen mit doppelter, bis zum Boden reichender Befestigung ausgestattet. Die gesamte Anlage ist verzinkt, was eine lange Lebensdauer garantiert.<\/p>\n<p>Die Bef\u00fcllung erfolgt entweder durch \u00d6ffnen einzelner Abschnitte oder durch Einschieben des Ballens von oben.<\/p>\n<p>Entweder wird die Heuraufe mit einem Traktor bewegt \u2013 die Anlage ist mit einer fest verschwei\u00dften Halterung f\u00fcr die Dreipunktaufh\u00e4ngung ausgestattet &#8211; oder es wird umgedreht und gerollt.<\/p>\n<p>Der gesamte Aufgeber ist verzinkt, was eine lange Lebensdauer garantiert.<\/p>\n<p>Wir haben k\u00fcrze Realisationszeit.<br \/>\nLieferung mit Spedition<br \/>\nTransportkosten von PLZ abh\u00e4ngig -min. 70 Euro zus\u00e4tzlich bezahlt<\/p>\n","protected":false},"excerpt":{"rendered":"<p>Ringraufe Pferde mit Rohrb\u00fcgeln 12 Pl\u00e4tze<\/p>\n","protected":false},"featured_media":1536,"template":"","meta":{"site-sidebar-layout":"default","site-content-layout":"content-boxed-container","ast-global-header-display":"","ast-main-header-display":"","ast-hfb-above-header-display":"","ast-hfb-below-header-display":"","ast-hfb-mobile-header-display":"","site-post-title":"","ast-breadcrumbs-content":"","ast-featured-img":"","footer-sml-layout":"","theme-transparent-header-meta":"default","adv-header-id-meta":"","stick-header-meta":"","header-above-stick-meta":"","header-main-stick-meta":"","header-below-stick-meta":""},"product_cat":[15,77],"product_tag":[],"_links":{"self":[{"href":"https:\/\/tf3-maschinen.de\/index.php\/wp-json\/wp\/v2\/product\/1533"}],"collection":[{"href":"https:\/\/tf3-maschinen.de\/index.php\/wp-json\/wp\/v2\/product"}],"about":[{"href":"https:\/\/tf3-maschinen.de\/index.php\/wp-json\/wp\/v2\/types\/product"}],"wp:featuredmedia":[{"embeddable":true,"href":"https:\/\/tf3-maschinen.de\/index.php\/wp-json\/wp\/v2\/media\/1536"}],"wp:attachment":[{"href":"https:\/\/tf3-maschinen.de\/index.php\/wp-json\/wp\/v2\/media?parent=1533"}],"wp:term":[{"taxonomy":"product_cat","embeddable":true,"href":"https:\/\/tf3-maschinen.de\/index.php\/wp-json\/wp\/v2\/product_cat?post=1533"},{"taxonomy":"product_tag","embeddable":true,"href":"https:\/\/tf3-maschinen.de\/index.php\/wp-json\/wp\/v2\/product_tag?post=1533"}],"curies":[{"name":"wp","href":"https:\/\/api.w.org\/{rel}","templated":true}]}}