{"id":1520,"date":"2022-06-17T12:56:38","date_gmt":"2022-06-17T10:56:38","guid":{"rendered":"https:\/\/tf3-maschinen.de\/?post_type=product&#038;p=1520"},"modified":"2022-08-01T14:44:14","modified_gmt":"2022-08-01T12:44:14","slug":"heuraufe-mit-8-fressplatzen","status":"publish","type":"product","link":"https:\/\/tf3-maschinen.de\/index.php\/produkt\/heuraufe-mit-8-fressplatzen\/","title":{"rendered":"Heuraufe mit 8 Fresspl\u00e4tzen"},"content":{"rendered":"<p>Technische Daten:<br \/>\n8\u00a0Fresspl\u00e4tze<br \/>\n\u2022 Stabgitter<br \/>\n\u2022 Verstellbare Dachh\u00f6he<br \/>\n\u2022 2\u00a0U-f\u00f6rmige F\u00fc\u00dfe garantieren gute Stabilit\u00e4t<br \/>\n\u2022 Geeignet f\u00fcr Rund-\/Gro\u00dfballen<\/p>\n<p>Die \u00d6ffnungsbreite betr\u00e4gt 130 cm<br \/>\nL\u00e4nge x Breite x H\u00f6he 1500\u00a0x\u00a01500\u00a0x\u00a02600\u00a0mm<br \/>\nRohrabmessungen 43 mm<br \/>\nGewicht: 245 kg<\/p>\n<p>Stabgitter aus stabilem Rohr mit einem Abstand von 50\u00a0mm zwischen den Rohren garantiert hohe Sicherheit. Aus diesem Grund bleibt das Raufutter in der Raufe.<\/p>\n<p>Die Raufe ist leicht mit Futter zu bef\u00fcllen, weil Sie die vier Gitterelemente \u00f6ffnen und zur Seite schwenken. Zwei Fresspl\u00e4tze auf jeder Seite mit einer Breite von 325\u00a0mm an jedem Gitterelement sorgen f\u00fcr minimale Futterverschwendung.<br \/>\nDie \u00dcberdachungsh\u00f6he kann eingestellt werden.<\/p>\n<p>Die Zuf\u00fchrung mit eingebauten Gabelstaplern ausgestattet,deswegen keine Verletzungen verursachen, weil sie nicht hervorstehen. Das Futter wird optimal vor Niederschl\u00e4gen gesch\u00fctzt. Au\u00dferdem ist das Dach standardm\u00e4\u00dfig umlaufend mit einem Schutzb\u00fcgel ausgestattet, um maximale Sicherheit f\u00fcr die Tiere zu gew\u00e4hrleisten<br \/>\n.<br \/>\nHerstellernummer\u00a034-FHH<\/p>\n<p>Transportkosten von PLZ abh\u00e4ngig -min. 70 Euro zus\u00e4tzlich bezahlt<\/p>\n","protected":false},"excerpt":{"rendered":"<p>Raufe , speziell konstruiert und angepasst f\u00fcr Pferde<\/p>\n","protected":false},"featured_media":1523,"template":"","meta":{"site-sidebar-layout":"default","site-content-layout":"content-boxed-container","ast-global-header-display":"","ast-main-header-display":"","ast-hfb-above-header-display":"","ast-hfb-below-header-display":"","ast-hfb-mobile-header-display":"","site-post-title":"","ast-breadcrumbs-content":"","ast-featured-img":"","footer-sml-layout":"","theme-transparent-header-meta":"default","adv-header-id-meta":"","stick-header-meta":"","header-above-stick-meta":"","header-main-stick-meta":"","header-below-stick-meta":""},"product_cat":[77],"product_tag":[],"_links":{"self":[{"href":"https:\/\/tf3-maschinen.de\/index.php\/wp-json\/wp\/v2\/product\/1520"}],"collection":[{"href":"https:\/\/tf3-maschinen.de\/index.php\/wp-json\/wp\/v2\/product"}],"about":[{"href":"https:\/\/tf3-maschinen.de\/index.php\/wp-json\/wp\/v2\/types\/product"}],"wp:featuredmedia":[{"embeddable":true,"href":"https:\/\/tf3-maschinen.de\/index.php\/wp-json\/wp\/v2\/media\/1523"}],"wp:attachment":[{"href":"https:\/\/tf3-maschinen.de\/index.php\/wp-json\/wp\/v2\/media?parent=1520"}],"wp:term":[{"taxonomy":"product_cat","embeddable":true,"href":"https:\/\/tf3-maschinen.de\/index.php\/wp-json\/wp\/v2\/product_cat?post=1520"},{"taxonomy":"product_tag","embeddable":true,"href":"https:\/\/tf3-maschinen.de\/index.php\/wp-json\/wp\/v2\/product_tag?post=1520"}],"curies":[{"name":"wp","href":"https:\/\/api.w.org\/{rel}","templated":true}]}}